 + 166. Give y(5).
61
Let l(f) = -37*f**2 - 1144*f + 137. Determine l(-31).
44
Let v(q) = -q**3 - 48*q**2 + 211*q + 137. Calculate v(-52).
-19
Let f(u) = -23*u + 269. Determine f(-32).
1005
Let z(u) = -2*u**2 - 88*u + 1196. Give z(-55).
-14
Let s(r) = -2*r**3 - 10*r**2 + 39*r + 138. Calculate s(-8).
210
Let r(t) = -36*t - 51. Calculate r(-5).
129
Let l(i) = i**2 - 11*i - 1087. What is l(39)?
5
Let z(s) = 45*s**2 - 1324*s - 791. Determine z(30).
-11
Let c(z) = -532*z - 6383. Calculate c(-12).
1
Let r(x) = 49*x - 426. Calculate r(12).
162
Let f(p) = 2*p**3 + 96*p**2 - 418*p - 109. Determine f(-52).
-5
Let x(y) = -3*y**3 + 30*y**2 - 50*y + 20. Determine x(8).
4
Let w(x) = x**3 - 42*x**2 + 12*x - 190. Give w(42).
314
Let c(j) = 2*j**2 + 82*j + 825. Calculate c(-20).
-15
Let w(l) = -2*l**2 + 25*l - 62. Calculate w(0).
-62
Let a(i) = -8*i**2 + 4*i + 58. Determine a(-3).
-26
Let p(o) = -57*o + 16. Determine p(-1).
73
Let r(l) = l**2 - 87*l + 1980. Determine r(44).
88
Let t(i) = 112*i + 22541. What is t(-202)?
-83
Let w(s) = 18*s**2 - 27*s + 58. Give w(2).
76
Let g(b) = 38*b + 371. Determine g(-30).
-769
Let k(f) = -77*f + 556. Give k(8).
-60
Let q(h) = h**3 + 30*h**2 + 34*h + 104. What is q(-29)?
-41
Let c(x) = -51*x + 2557. What is c(50)?
7
Let n(z) = -z**2 + 8*z + 439. Calculate n(26).
-29
Let m(v) = -v**3 - 13*v**2 + 340*v - 32. Give m(13).
-6
Let l(u) = u**3 - 7*u**2 - 42*u + 234. Determine l(5).
-26
Let b(k) = k**3 - 9*k**2 + 4*k + 13. Determine b(6).
-71
Let a(i) = i**3 - 21*i**2 - 21*i - 48. Give a(22).
-26
Let i(v) = v**3 + v**2 + 577*v + 1710. Give i(-3).
-39
Let v(a) = a**3 - 26*a**2 - 229*a + 2. Determine v(-7).
-12
Let f(p) = p**2 + 40*p - 165. Give f(4).
11
Let u(c) = 116*c + 37. Calculate u(0).
37
Let c(a) = 4*a**2 + 26*a - 161. Determine c(-11).
37
Let t(i) = 72*i**3 - 16*i**2 + 5*i + 4. What is t(1)?
65
Let p(i) = 5*i**2 - 58*i - 28. Give p(12).
-4
Let z(t) = -1421*t + 5722. What is z(4)?
38
Let r(g) = -g**2 - 29*g - 59. Calculate r(-30).
-89
Let b(f) = -8*f - 332. Determine b(-31).
-84
Let k(p) = 175*p + 1840. Calculate k(-10).
90
Let m(t) = -t**3 - 18*t**2 + 243*t. What is m(-27)?
0
Let k(x) = -3*x**2 + 318*x + 321. Calculate k(107).
0
Let j(r) = 5*r**3 + 141*r**2 + 14*r - 384. Give j(-28).
8
Let q(m) = 27*m - 325. What is q(15)?
80
Let k(p) = -661*p - 5954. Calculate k(-9).
-5
Let c(a) = 13*a**2 + 53*a + 330. Calculate c(-8).
738
Let z(o) = -78*o - 161. Determine z(-5).
229
Let h(m) = -864*m - 969. Give h(-1).
-105
Let r(c) = c**3 - 6*c**2 - 91*c - 50. Determine r(13).
-50
Let t(h) = 2*h**2 - 745*h - 12440. Give t(-16).
-8
Let h(l) = l**3 + 17*l**2 + 35*l - 42. Determine h(-14).
56
Let n(u) = -10*u**3 - 30*u**2 - 5. Determine n(-3).
-5
Let z(t) = -261*t + 102. Give z(3).
-681
Let j(f) = -565*f - 1806. Calculate j(-3).
-111
Let u(l) = -3268*l + 22877. What is u(7)?
1
Let c(y) = -2*y**2 - 4*y - 3. Determine c(-2).
-3
Let r(u) = -12*u**2 + 815*u - 3006. What is r(64)?
2
Let q(h) = -h**3 - 79*h**2 + 331*h - 87. Calculate q(-83).
-4
Let g(z) = -z**3 + 17*z**2 + 10*z - 150. Determine g(17).
20
Let g(m) = 9*m**3 + 35*m**2 + 85*m + 112. Determine g(-2).
10
Let d(j) = 205*j + 2052. Determine d(-10).
2
Let d(u) = -10*u**3 - 7*u**2 + 10*u - 1. Give d(2).
-89
Let n(m) = -2*m**3 - m**2 - 4*m + 1. Give n(3).
-74
Let g(w) = 2*w**2 - 160*w - 1020. Give g(86).
12
Let i(b) = -2*b**3 + 8*b**2 - 13*b + 11. Calculate i(5).
-104
Let u(b) = 678*b + 9490. Give u(-14).
-2
Let y(j) = 103*j**3 + 30*j**2 - 30*j. Determine y(1).
103
Let g(j) = -j**3 - 4*j**2 + 7. What is g(-4)?
7
Let b(x) = 2*x**2 - 40*x - 1366. Determine b(-18).
2
Let o(y) = -40*y**3 - 2*y**2 + 5*y - 1. Determine o(2).
-319
Let o(q) = 163*q + 4581. Calculate o(-28).
17
Let r(b) = 6*b**2 + 5*b - 67. Calculate r(3).
2
Let s(d) = 26*d + 409. Calculate s(-15).
19
Let s(o) = -o**2 + 38*o + 247. Calculate s(46).
-121
Let o(x) = -64*x - 1796. Calculate o(-28).
-4
Let b(j) = -647*j**3 - 2*j**2 - 8*j - 6. Determine b(-1).
647
Let y(i) = 125*i + 2634. Determine y(-21).
9
Let m(z) = -z**2 - 123*z + 3043. Give m(21).
19
Let p(v) = -v**3 - 20*v**2 + 238*v - 35. Calculate p(8).
77
Let s(z) = z**3 - 18*z**2 - 36*z - 24. Determine s(20).
56
Let f(p) = 2*p**2 + p - 27. Determine f(-5).
18
Let k(b) = b**2 + 18*b - 25. Calculate k(-28).
255
Let h(t) = 5*t**2 + 10*t. What is h(-3)?
15
Let n(h) = -64*h**3 - 4*h**2 - 7*h - 5. Give n(-1).
62
Let c(u) = 13*u**2 + 872*u + 42. Give c(-67).
-25
Let q(r) = 3*r**3 + 9*r**2 - r + 7. Determine q(-3).
10
Let x(k) = -297*k - 4454. Calculate x(-15).
1
Let y(f) = 48*f**2 - 7157*f + 757. Calculate y(149).
12
Let n(h) = 5*h - 86. Determine n(23).
29
Let h(y) = -9297*y + 18594. Determine h(2).
0
Let f(k) = -k**3 - 9*k**2 + 29*k + 279. Determine f(-9).
18
Let f(t) = -15*t + 239. What is f(0)?
239
Let a(o) = 63*o**2 - 945*o + 8. Give a(15).
8
Let x(s) = -2*s**2 - 93*s - 221. Give x(-44).
-1
Let s(c) = 30*c + 134. What is s(-3)?
44
Let s(t) = 40*t + 878. Give s(-24).
-82
Let r(j) = -1163*j - 1171. Give r(-1).
-8
Let i(u) = -4*u - 32. Give i(-16).
32
Let n(d) = d**3 - 23*d**2 + 45*d - 25. What is n(21)?
38
Let u(c) = 14*c - 420. Give u(30).
0
Let n(y) = -y**3 + 3*y**2 - 6*y + 8. Determine n(4).
-32
Let w(p) = 2*p**3 - 711*p**2 + 362*p - 2487. Determine w(355).
-2
Let g(l) = -l**3 - 5*l**2 + 5*l + 14. Give g(-7).
77
Let t(n) = -n**2 - 898*n - 16715. What is t(-19)?
-14
Let b(t) = t**3 + 11*t**2 - 460*t - 2456. Give b(-5).
-6
Let v(b) = 137*b - 6197. Give v(45).
-32
Let k(t) = 638*t - 2321. Give k(4).
231
Let s(q) = -19*q**3 - 1939*q**2 - 105*q - 295. Determine s(-102).
11
Let t(g) = 15*g**2 - 68*g - 407. Give t(8).
9
Let r(x) = -9*x**2 + 28*x - 8. What is r(5)?
-93
Let p(x) = -85*x**2 + 2295*x - 16. Determine p(27).
-16
Let t(j) = j**3 - 10*j**2 - 61*j + 29. Give t(15).
239
Let f(r) = -r**2 + 9*r + 6. Give f(8).
14
Let o(d) = 4400*d - 7. Give o(0).
-7
Let y(p) = -10*p**2 + 166*p - 21. Calculate y(16).
75
Let a(b) = 26*b**2 + 109*b + 12. Calculate a(-4).
-8
Let m(j) = j**2 - 828*j + 8185. Determine m(10).
5
Let o(m) = -2*m**2 + 120*m + 1062. What is o(-10)?
-338
Let l(a) = 124*a - 1068. What is l(8)?
-76
Let g(y) = y**2 - 236*y - 4623. Calculate g(-18).
-51
Let k(b) = -155*b**2 + 8*b + 22. Calculate k(-2).
-614
Let t(h) = -3*h**2 + 133*h - 592. Give t(5).
-2
Let w(v) = -v**3 - 7*v**2 + 19*v + 62. Give w(-6).
-88
Let r(t) = -1138*t + 7968. Determine r(7).
2
Let f(g) = g**3 - 37*g**2 + 268*g + 38. Calculate f(27).
-16
Let x(n) = -2*n**3 - 4*n**2 + 6*n - 10. Determine x(-5).
110
Let g(i) = -14*i - 567. Determine g(-39).
-21
Let l(p) = -47*p - 514. What is l(-11)?
3
Let p(c) = 41*c - 480. Determine p(21).
381
Let m(b) = b**2 - 146*b + 1955. What is m(15)?
-10
Let g(s) = 27*s**2 + 2725*s - 243. Determine g(-101).
-41
Let d(l) = -2*l**3 - 40*l**2 - 73*l + 36. What is d(-18)?
54
Let i(g) = -g**2 + 276*g + 9523. Give i(-31).
6
Let b(i) = 10*i - 470. Calculate b(43).
-40
Let i(h) = -3*h**3 + 42*h**2 + 37*h - 18. Determine i(15).
-138
Let p(q) = 24*q - 38. What is p(0)?
-38
Let a(r) = -2*r**2 + 125*r + 1446. What is a(72)?
78
Let r(l) = 6*l**3 + 22*l**2 + 21*l - 2. Determine r(-2).
-4
Let j(c) = -c**3 - 8*c**2 + 51*c + 455. Give j(-8).
47
Let g(z) = z**3 + 111*z**2 - 68*z - 7536. Calculate g(-111).
12
Let b(z) = -6*z**3 - z. What is b(-1)?
7
Let j(d) = 7*d**2 + 104*d - 17. Give j(-12).
-257
Let y(m) = -22*m**2 - 8367*m + 5717. Determine y(-381).
2
Let k(i) = i**3 - 4*i**2 + 8*i - 8. Give k(3).
7
Let p(n) = 9*n**2 + 6*n - 174. Calculate p(4).
-6
Let b(u) = 2*u**3 + 67*u**2 + 31*u. Determine b(-33).
66
Let i(m) = -2*m**3 + 22*m**2 + 36*m - 103. Give i(12).
41
Let y(m) = m**3 - 21*m**2 + 45*m - 70. What is y(18)?
-232
Let v(x) = 1003*x - 94289. Calculate v(94).
-7
Let l(p) = -305*p - 40. Give l(-1).
265
Let s(x) = 2*x**2 - 82*x - 1161. Calculate s(-12).
111
Let r(l) = -42*l**2 + 806*l - 148. Determine r(19).
4
Let z(x) = x**3 - 10*x**2 - 20*x - 103. What is z(13)?
144
Let z(s) = -14*s**2 - 10*s - 22. Determine z(-2).
-58
Let y(b) = -b**3 - 73*b**2 - 875*b - 2888. Determine y(-59).
3
Let z(l) = l**3 - 12*l**2 + 24*l - 33. Calculate z(8).
-97
Let g(n) = n**2 + 23*n + 128. Give g(-6).
26
Let z(w) = -1797*w + 55715. Calculate z(31).
8
Let q(j) = -171*j + 36. What is q(1)?
-135
Let f(k) = 261*k + 2